remainder when 14015 is divided by 25.
15
Calculate the remainder when 2082 is divided by 470.
202
What is the remainder when 1877 is divided by 27?
14
Calculate the remainder when 32978 is divided by 25.
3
What is the remainder when 4081 is divided by 2004?
73
Calculate the remainder when 22802 is divided by 1752.
26
What is the remainder when 5665 is divided by 633?
601
What is the remainder when 5983 is divided by 1983?
34
What is the remainder when 5320 is divided by 377?
42
Calculate the remainder when 60820 is divided by 1067.
1
Calculate the remainder when 13406 is divided by 893.
11
What is the remainder when 74522 is divided by 12408?
74
What is the remainder when 14801 is divided by 1231?
29
What is the remainder when 3170 is divided by 1466?
238
What is the remainder when 6113 is divided by 322?
317
What is the remainder when 77249 is divided by 150?
149
Calculate the remainder when 7231 is divided by 67.
62
What is the remainder when 10552 is divided by 1317?
16
What is the remainder when 119822 is divided by 18?
14
Calculate the remainder when 97431 is divided by 27.
15
Calculate the remainder when 4008617 is divided by 20.
17
What is the remainder when 2737 is divided by 899?
40
What is the remainder when 69247 is divided by 250?
247
What is the remainder when 376125 is divided by 122?
121
Calculate the remainder when 6072 is divided by 250.
72
What is the remainder when 373017 is divided by 124330?
27
What is the remainder when 45220 is divided by 1?
0
What is the remainder when 1762 is divided by 124?
26
Calculate the remainder when 225408 is divided by 75135.
3
What is the remainder when 1101 is divided by 47?
20
What is the remainder when 44702 is divided by 176?
174
What is the remainder when 20362 is divided by 20352?
10
What is the remainder when 12183 is divided by 506?
39
What is the remainder when 53217 is divided by 156?
21
Calculate the remainder when 21894 is divided by 873.
69
What is the remainder when 1652 is divided by 21?
14
What is the remainder when 72145 is divided by 218?
205
What is the remainder when 46614 is divided by 4237?
7
What is the remainder when 157139 is divided by 52331?
146
Calculate the remainder when 2471 is divided by 273.
14
Calculate the remainder when 247465 is divided by 247465.
0
What is the remainder when 48392 is divided by 24179?
34
Calculate the remainder when 22244 is divided by 10806.
632
Calculate the remainder when 99836 is divided by 512.
508
What is the remainder when 1149311 is divided by 603?
596
Calculate the remainder when 99563 is divided by 98.
93
Calculate the remainder when 25212 is divided by 91.
5
Calculate the remainder when 56792 is divided by 18878.
158
What is the remainder when 401003 is divided by 372?
359
Calculate the remainder when 10725 is divided by 452.
329
Calculate the remainder when 16628 is divided by 1908.
1364
What is the remainder when 136213 is divided by 135?
133
Calculate the remainder when 39708 is divided by 827.
12
Calculate the remainder when 14676 is divided by 188.
12
What is the remainder when 89713 is divided by 34?
21
Calculate the remainder when 446195 is divided by 111546.
11
Calculate the remainder when 937 is divided by 363.
211
Calculate the remainder when 13165 is divided by 3282.
37
Calculate the remainder when 401624 is divided by 35.
34
Calculate the remainder when 139103 is divided by 108.
107
Calculate the remainder when 5064 is divided by 1600.
264
Calculate the remainder when 4265 is divided by 693.
107
What is the remainder when 1024 is divided by 253?
12
Calculate the remainder when 616 is divided by 434.
182
Calculate the remainder when 2835 is divided by 240.
195
Calculate the remainder when 311198 is divided by 73.
72
What is the remainder when 153026 is divided by 9?
8
Calculate the remainder when 28998 is divided by 8.
6
What is the remainder when 1069 is divided by 307?
148
What is the remainder when 38249 is divided by 26?
3
Calculate the remainder when 227607 is divided by 405.
402
Calculate the remainder when 1741 is divided by 432.
13
What is the remainder when 64839 is divided by 253?
71
Calculate the remainder when 128831 is divided by 2045.
2041
Calculate the remainder when 152308 is divided by 482.
478
Calculate the remainder when 1359 is divided by 1199.
160
What is the remainder when 126293 is divided by 3413?
12
What is the remainder when 11043 is divided by 461?
440
What is the remainder when 149939 is divided by 90?
89
Calculate the remainder when 7115 is divided by 70.
45
What is the remainder when 1376 is divided by 251?
121
Calculate the remainder when 12216 is divided by 48.
24
What is the remainder when 30694 is divided by 21?
13
Calculate the remainder when 70903 is divided by 844.
7
What is the remainder when 5225 is divided by 521?
15
Calculate the remainder when 113077 is divided by 113063.
14
Calculate the remainder when 1976304 is divided by 658762.
18
Calculate the remainder when 96046 is divided by 414.
412
Calculate the remainder when 100663 is divided by 641.
26
Calculate the remainder when 1627 is divided by 205.
192
What is the remainder when 3428 is divided by 384?
356
Calculate the remainder when 2822183 is divided by 684.
683
What is the remainder when 15869 is divided by 106?
75
What is the remainder when 55875 is divided by 7982?
1
Calculate the remainder when 2582 is divided by 2573.
9
What is the remainder when 712 is divided by 481?
231
What is the remainder when 1019190 is divided by 20?
10
Calculate the remainder when 6001 is divided by 1491.
37
What is the remainder when 8889 is divided by 2197?
101
Calculate the remainder when 967 is divided by 343.
281
Calculate the remainder when 3707 is divided by 179.
127
What is the remainder when 14215 is divided by 62?
17
Calculate the remainder when 3617 is divided by 461.
390
Calculate the remainder when 265464 is divided by 706.
8
Calculate the remainder when 178284 is divided by 849.
843
Calculate the remainder when 11738159 is divided by 476.
475
Calculate the remainder when 183280 is divided by 3.
1
Calculate the remainder when 2725 is divided by 210.
205
Calculate the remainder when 2782 is divided by 206.
104
Calculate the remainder when 52447 is divided by 44.
43
Calculate the remainder when 23799 is divided by 533.
347
What is the remainder when 311172 is divided by 24?
12
What is the remainder when 13348 is divided by 702?
10
Calculate the remainder when 750 is divided by 371.
8
What is the remainder when 2911 is divided by 18?
13
What is the remainder when 9070 is divided by 566?
14
What is the remainder when 35708 is divided by 496?
492
Calculate the remainder when 325022 is divided by 28.
26
What is the remainder when 1079 is divided by 98?
1
Calculate the remainder when 302042 is divided by 107.
88
What is the remainder when 10018 is divided by 670?
638
Calculate the remainder when 1343 is divided by 373.
224
What is the remainder when 8161 is divided by 3963?
235
Calculate the remainder when 160 is divided by 135.
25
What is the remainder when 1216093 is divided by 14?
11
Calculate the remainder when 540637 is divided by 47.
43
What is the remainder when 215885 is divided by 21581?
75
What is the remainder when 7331 is divided by 163?
159
What is the remainder when 282 is divided by 218?
64
Calculate the remainder when 18706 is divided by 3357.
1921
What is the remainder when 279025 is divided by 131?
126
What is the remainder when 2544 is divided by 81?
33
Calculate the remainder when 8992 is divided by 173.
169
Calculate the remainder when 66507 is divided by 665.
7
Calculate the remainder when 114008 is divided by 12.
8
Calculate the remainder when 189 is divided by 130.
59
What is the remainder when 318 is divided by 148?
22
What is the remainder when 7818 is divided by 52?
18
What is the remainder when 77878 is divided by 205?
183
Calculate the remainder when 422 is divided by 56.
30
Calculate the remainder when 63920 is divided by 1486.
22
What is the remainder when 42883 is divided by 53?
6
What is the remainder when 12481 is divided by 691?
43
What is the remainder when 661 is divided by 42?
31
Calculate the remainder when 15738 is divided by 181.
172
Calculate the remainder when 4702 is divided by 173.
31